1339794 and 1161?
1161
Calculate the highest common divisor of 6376 and 182513.
797
What is the highest common factor of 23532 and 530?
106
What is the highest common divisor of 984064 and 1024?
1024
What is the highest common divisor of 16516698 and 66?
66
What is the highest common factor of 98 and 18767?
49
What is the greatest common divisor of 3740 and 39185?
85
What is the greatest common factor of 1305 and 34236?
9
What is the highest common divisor of 6524 and 38304?
28
What is the highest common factor of 106760 and 55760?
680
Calculate the greatest common factor of 921515 and 3390.
565
Calculate the highest common divisor of 58530 and 40.
10
Calculate the highest common factor of 431 and 327129.
431
What is the highest common divisor of 10 and 2935?
5
What is the greatest common divisor of 3348 and 7316?
124
Calculate the highest common factor of 5 and 359335.
5
Calculate the highest common divisor of 107471 and 2275.
91
What is the highest common divisor of 8 and 42974?
2
Calculate the highest common factor of 268 and 929357.
67
What is the highest common factor of 395 and 27?
1
What is the greatest common divisor of 19536 and 192?
48
What is the greatest common factor of 2464 and 364?
28
Calculate the highest common divisor of 48 and 5418696.
24
What is the highest common factor of 522 and 845118?
522
Calculate the greatest common factor of 5444982 and 1044.
522
Calculate the highest common divisor of 2288 and 53339.
143
Calculate the greatest common divisor of 938 and 606886.
938
Calculate the greatest common factor of 168 and 20979.
21
What is the highest common factor of 35574 and 23232?
726
Calculate the greatest common factor of 7700 and 5207125.
1925
What is the highest common divisor of 106080 and 2976?
96
What is the highest common factor of 64 and 3136?
64
What is the greatest common divisor of 80733 and 2040?
51
What is the highest common divisor of 84 and 104433?
21
What is the greatest common divisor of 784 and 1?
1
What is the highest common divisor of 1490972 and 588?
196
Calculate the greatest common divisor of 6944 and 268646.
434
What is the greatest common factor of 238389 and 1374?
687
What is the greatest common divisor of 9954 and 69867?
63
What is the greatest common factor of 28 and 1364?
4
What is the greatest common divisor of 32328 and 1467?
9
Calculate the highest common factor of 4543 and 308.
77
What is the greatest common factor of 1350 and 31650?
150
Calculate the greatest common divisor of 58851 and 9.
9
What is the greatest common factor of 85897 and 539?
49
Calculate the greatest common factor of 11780 and 2964.
76
What is the highest common divisor of 630389 and 1329?
443
Calculate the greatest common divisor of 264 and 3300.
132
What is the highest common factor of 414 and 552322?
46
What is the highest common divisor of 60 and 947420?
20
What is the highest common divisor of 305959 and 542?
271
Calculate the highest common factor of 978 and 174.
6
Calculate the highest common divisor of 27 and 490041.
9
What is the greatest common divisor of 8 and 64812?
4
Calculate the highest common factor of 185641 and 1.
1
What is the greatest common divisor of 558 and 3114?
18
Calculate the greatest common divisor of 1188 and 1314.
18
What is the greatest common divisor of 7195 and 1445?
5
What is the highest common divisor of 11172 and 29868?
228
What is the highest common divisor of 2216176 and 32?
16
What is the highest common factor of 207 and 33408?
9
Calculate the greatest common factor of 58 and 297337.
29
Calculate the greatest common factor of 1219 and 17273.
23
Calculate the greatest common divisor of 816 and 2363952.
816
Calculate the highest common factor of 442 and 49881.
13
What is the greatest common factor of 400140 and 624?
156
What is the greatest common factor of 226 and 289958?
226
What is the highest common divisor of 72 and 34268?
4
What is the greatest common divisor of 490 and 81700?
10
What is the highest common factor of 49 and 87857?
49
What is the highest common divisor of 576 and 4338?
18
Calculate the highest common factor of 762683 and 122.
61
What is the highest common divisor of 207 and 2052612?
207
Calculate the highest common divisor of 1452 and 14817.
33
Calculate the greatest common divisor of 1115400 and 39.
39
Calculate the highest common factor of 155 and 75547.
31
What is the highest common divisor of 5 and 80345?
5
What is the highest common divisor of 343 and 1253?
7
What is the highest common factor of 22272 and 75632?
464
What is the greatest common factor of 38 and 32471?
19
Calculate the highest common divisor of 369 and 20623.
41
What is the highest common factor of 16 and 2717456?
16
What is the highest common factor of 455 and 5590?
65
What is the greatest common divisor of 9895 and 25?
5
Calculate the greatest common factor of 10875052 and 428.
428
Calculate the highest common factor of 547844 and 88.
44
What is the greatest common factor of 4048 and 112838?
506
What is the highest common factor of 1146 and 219459?
573
What is the greatest common factor of 44130 and 2010?
30
Calculate the greatest common factor of 540 and 60780.
60
What is the greatest common factor of 27 and 47331?
27
Calculate the highest common factor of 11 and 91696.
11
What is the highest common factor of 740 and 8843?
37
What is the highest common factor of 40 and 279640?
40
Calculate the greatest common factor of 10 and 14280.
10
What is the highest common factor of 18 and 42741?
9
Calculate the greatest common divisor of 234 and 387.
9
What is the highest common factor of 71380 and 2140?
20
Calculate the highest common divisor of 25245 and 1755.
135
What is the highest common divisor of 1197 and 3087?
63
What is the highest common divisor of 3732 and 2172?
12
Calculate the highest common divisor of 22243 and 158717.
377
What is the greatest common divisor of 100 and 163810?
10
What is the greatest common divisor of 176868 and 238?
34
Calculate the highest common factor of 97650 and 5950.
350
What is the highest common factor of 63588 and 756?
84
What is the greatest common factor of 1748 and 4988?
4
What is the greatest common divisor of 189 and 9108?
9
Calculate the highest common divisor of 5 and 11027.
1
Calculate the highest common divisor of 1491 and 15.
3
What is the greatest common factor of 2072 and 1400?
56
What is the highest common divisor of 2652 and 29376?
204
What is the highest common factor of 82202 and 276?
46
What is the highest common divisor of 68456 and 1032?
344
Calculate the greatest common factor of 3264 and 30872.
136
What is the highest common factor of 90 and 3042?
18
Calculate the highest common factor of 6344 and 576.
8
Calculate the highest common factor of 255 and 2960142.
51
What is the highest common factor of 28250 and 4250?
250
What is the highest common factor of 51107 and 2989?
49
Calculate the greatest common divisor of 6726 and 111864.
354
Calculate the highest common factor of 621211 and 59.
59
Calculate the highest common factor of 412 and 28.
4
Calculate the greatest common divisor of 34137 and 36.
9
What is the highest common factor of 133369 and 788?
197
What is the highest common divisor of 140695 and 380?
95
Calculate the greatest common divisor of 58712 and 656.
328
What is the greatest common divisor of 14042 and 219657?
1003
Calculate the highest common divisor of 9385 and 3241579.
1877
Calculate the highest common factor of 6592 and 206824.
824
Calculate the greatest common divisor of 96 and 5227648.
32
What is the greatest common divisor of 495 and 14905?
55
Calculate the highest common factor of 196483 and 14.
7
What is the highest common factor of 809416 and 460?
92
What is the highest common divisor of 22 and 13046?
22
What is the highest common factor of 12862 and 20056?
218
What is the greatest common factor of 27 and 1223?
1
Calculate the highest common factor of 51 and 495380.
17
Calculate the highest common factor of 4563 and 5.
1
What is the highest common factor of 40824 and 112?
56
What is the greatest common factor of 1 and 4451?
1
Calculate the highest common factor of 848 and 486275.
53
What is the highest common factor of 11005 and 434?
31
What is the greatest common divisor of 330520 and 40?
40
What is the great